
{"id":44,"date":"2019-12-09T19:37:12","date_gmt":"2019-12-09T19:37:12","guid":{"rendered":"http:\/\/w2.maleri-akerlund.se\/?page_id=44"},"modified":"2019-12-09T19:37:12","modified_gmt":"2019-12-09T19:37:12","slug":"vi-gor-allt-inom-maleri","status":"publish","type":"page","link":"https:\/\/maleri-akerlund.se\/index.php\/vi-gor-allt-inom-maleri\/","title":{"rendered":"Vi g\u00f6r allt inom m\u00e5leri!"},"content":{"rendered":"\n<p>\n\nM\u00e5leri AB L. \u00c5kerlund \u00e4r ett f\u00f6retag med anor tillbaka till 1930-talet. Genom \u00e5ren har ett gediget kunnande i alla typer av m\u00e5leri byggts upp. F\u00f6retagets medlemsskap i M\u00e5larem\u00e4starnas Riksf\u00f6rening borgar f\u00f6r att Du som kund kan k\u00e4nna Dig s\u00e4ker.<\/p>\n\n\n\n<p>Vi \u00e4r milj\u00f6certifierade i M\u00e5larem\u00e4starnas Milj\u00f6ledningssystem. Ett system som baseras p\u00e5 ISO 14001 och som granskas av oberoende part.\n\n<\/p>\n","protected":false},"excerpt":{"rendered":"<p>M\u00e5leri AB L. \u00c5kerlund \u00e4r ett f\u00f6retag med anor tillbaka till 1930-talet. Genom \u00e5ren har ett gediget kunnande i alla typer av m\u00e5leri byggts upp. F\u00f6retagets medlemsskap i M\u00e5larem\u00e4starnas Riksf\u00f6rening borgar f\u00f6r att Du som kund kan k\u00e4nna Dig s\u00e4ker. Vi \u00e4r milj\u00f6certifierade i M\u00e5larem\u00e4starnas Milj\u00f6ledningssystem. Ett system som baseras p\u00e5 ISO 14001 och som &#8230; <a title=\"Vi g\u00f6r allt inom m\u00e5leri!\" class=\"read-more\" href=\"https:\/\/maleri-akerlund.se\/index.php\/vi-gor-allt-inom-maleri\/\" aria-label=\"More on Vi g\u00f6r allt inom m\u00e5leri!\">Read more<\/a><\/p>\n","protected":false},"author":1,"featured_media":0,"parent":0,"menu_order":0,"comment_status":"closed","ping_status":"closed","template":"","meta":[],"_links":{"self":[{"href":"https:\/\/maleri-akerlund.se\/index.php\/wp-json\/wp\/v2\/pages\/44"}],"collection":[{"href":"https:\/\/maleri-akerlund.se\/index.php\/wp-json\/wp\/v2\/pages"}],"about":[{"href":"https:\/\/maleri-akerlund.se\/index.php\/wp-json\/wp\/v2\/types\/page"}],"author":[{"embeddable":true,"href":"https:\/\/maleri-akerlund.se\/index.php\/wp-json\/wp\/v2\/users\/1"}],"replies":[{"embeddable":true,"href":"https:\/\/maleri-akerlund.se\/index.php\/wp-json\/wp\/v2\/comments?post=44"}],"version-history":[{"count":1,"href":"https:\/\/maleri-akerlund.se\/index.php\/wp-json\/wp\/v2\/pages\/44\/revisions"}],"predecessor-version":[{"id":45,"href":"https:\/\/maleri-akerlund.se\/index.php\/wp-json\/wp\/v2\/pages\/44\/revisions\/45"}],"wp:attachment":[{"href":"https:\/\/maleri-akerlund.se\/index.php\/wp-json\/wp\/v2\/media?parent=44"}],"curies":[{"name":"wp","href":"https:\/\/api.w.org\/{rel}","templated":true}]}}