
{"id":46,"date":"2019-12-09T19:37:54","date_gmt":"2019-12-09T19:37:54","guid":{"rendered":"http:\/\/w2.maleri-akerlund.se\/?page_id=46"},"modified":"2019-12-09T19:37:55","modified_gmt":"2019-12-09T19:37:55","slug":"om-maleri-ab-l-akerlund","status":"publish","type":"page","link":"https:\/\/maleri-akerlund.se\/","title":{"rendered":"Om M\u00e5leri AB L. \u00c5kerlund"},"content":{"rendered":"\n<p>\n\nVi \u00e4r ett f\u00f6retag med anor tillbaka till 1930-talet. Genom \u00e5ren har ett gediget kunnande i alla typer av m\u00e5leri byggts upp. F\u00f6retagets medlemsskap i M\u00e5larem\u00e4starnas Riksf\u00f6rening borgar f\u00f6r att Du som kund kan k\u00e4nna Dig s\u00e4ker.<br>Vi \u00e4r milj\u00f6certifierade i M\u00e5larem\u00e4starnas Milj\u00f6ledningssystem. Ett system som baseras p\u00e5 ISO 14001 och som granskas av oberoende part.<\/p>\n\n\n\n<p>Vi g\u00f6r allt inom m\u00e5leri, i nybyggnationer, om- och tillbyggnader, l\u00e4genheter och villor samt dekorationsm\u00e5leri.<\/p>\n\n\n\n<p>Vi \u00e4r ett kreditv\u00e4rdigt f\u00f6retag enligt Soliditets v\u00e4rderingssystem som baserar sig p\u00e5 en m\u00e4ngd olika beslutsregler. Denna uppgift \u00e4r alltid aktuell, informationen uppdateras dagligen via Soliditets databas.<br><br>En v\u00e4l genomt\u00e4nkt och utf\u00f6rd f\u00e4rgs\u00e4ttning skapar \u00f6kad trivsel. Att skapa vackra och trivsamma milj\u00f6er med hj\u00e4lp av m\u00e5leri har n\u00e4ra nog obegr\u00e4nsade m\u00f6jligheter.<\/p>\n\n\n\n<p>F\u00e4rgs\u00e4ttning och f\u00f6rslag st\u00e4ller vi kostnadsfritt upp med i samband med en entreprenad. V\u00e5ra kunskaper inom dekorativt m\u00e5leri omfattar alla typer, t.ex. \u00e5dring, marmorering, lasering, schablonering, streckdragning, st\u00e4nkm\u00e5lning, restaurering, trompe l\u00f3eil (illussionsm\u00e5lning), grissaille, f\u00f6rgyllning m.m.<\/p>\n\n\n\n<p>Om Du f\u00f6redrar van Gogh eller Fantomen spelar ingen roll, vi hj\u00e4lper Dig att skapa en tilltalande milj\u00f6.\n\n<\/p>\n","protected":false},"excerpt":{"rendered":"<p>Vi \u00e4r ett f\u00f6retag med anor tillbaka till 1930-talet. Genom \u00e5ren har ett gediget kunnande i alla typer av m\u00e5leri byggts upp. F\u00f6retagets medlemsskap i M\u00e5larem\u00e4starnas Riksf\u00f6rening borgar f\u00f6r att Du som kund kan k\u00e4nna Dig s\u00e4ker.Vi \u00e4r milj\u00f6certifierade i M\u00e5larem\u00e4starnas Milj\u00f6ledningssystem. Ett system som baseras p\u00e5 ISO 14001 och som granskas av oberoende part. &#8230; <a title=\"Om M\u00e5leri AB L. \u00c5kerlund\" class=\"read-more\" href=\"https:\/\/maleri-akerlund.se\/\" aria-label=\"More on Om M\u00e5leri AB L. \u00c5kerlund\">Read more<\/a><\/p>\n","protected":false},"author":1,"featured_media":0,"parent":0,"menu_order":0,"comment_status":"closed","ping_status":"closed","template":"","meta":[],"_links":{"self":[{"href":"https:\/\/maleri-akerlund.se\/index.php\/wp-json\/wp\/v2\/pages\/46"}],"collection":[{"href":"https:\/\/maleri-akerlund.se\/index.php\/wp-json\/wp\/v2\/pages"}],"about":[{"href":"https:\/\/maleri-akerlund.se\/index.php\/wp-json\/wp\/v2\/types\/page"}],"author":[{"embeddable":true,"href":"https:\/\/maleri-akerlund.se\/index.php\/wp-json\/wp\/v2\/users\/1"}],"replies":[{"embeddable":true,"href":"https:\/\/maleri-akerlund.se\/index.php\/wp-json\/wp\/v2\/comments?post=46"}],"version-history":[{"count":1,"href":"https:\/\/maleri-akerlund.se\/index.php\/wp-json\/wp\/v2\/pages\/46\/revisions"}],"predecessor-version":[{"id":47,"href":"https:\/\/maleri-akerlund.se\/index.php\/wp-json\/wp\/v2\/pages\/46\/revisions\/47"}],"wp:attachment":[{"href":"https:\/\/maleri-akerlund.se\/index.php\/wp-json\/wp\/v2\/media?parent=46"}],"curies":[{"name":"wp","href":"https:\/\/api.w.org\/{rel}","templated":true}]}}